{"id":2284,"date":"2021-07-04T10:34:19","date_gmt":"2021-07-04T10:34:19","guid":{"rendered":"http:\/\/www.spd-bad-orb.de\/?page_id=2284"},"modified":"2021-08-09T03:43:53","modified_gmt":"2021-08-09T03:43:53","slug":"spd-ag-60plus","status":"publish","type":"page","link":"https:\/\/www.spd-bad-orb.de\/?page_id=2284","title":{"rendered":"SPD AG 60plus Bad Orb"},"content":{"rendered":"\n<div class=\"wp-block-media-text alignwide is-stacked-on-mobile is-vertically-aligned-top\" style=\"grid-template-columns:33% auto\"><figure class=\"wp-block-media-text__media\"><img loading=\"lazy\" decoding=\"async\" width=\"760\" height=\"359\" src=\"http:\/\/www.spd-bad-orb.de\/wp-content\/uploads\/2021\/07\/SPD-60plus-Logo.jpg\" alt=\"\" class=\"wp-image-2287 size-full\" srcset=\"https:\/\/www.spd-bad-orb.de\/wp-content\/uploads\/2021\/07\/SPD-60plus-Logo.jpg 760w, https:\/\/www.spd-bad-orb.de\/wp-content\/uploads\/2021\/07\/SPD-60plus-Logo-300x142.jpg 300w\" sizes=\"auto, (max-width: 760px) 100vw, 760px\" \/><\/figure><div class=\"wp-block-media-text__content\">\n<p class=\"has-large-font-size\">Die Ideengeber<\/p>\n\n\n<\/div><\/div>\n\n\n\n<p>In Bad Orb hat sich eine Gruppe der SPD Arbeitsgemeinschaft 60plus gegr\u00fcndet<\/p>\n\n\n\n<p>Ihre Schwerpunkte liegen in den Bereichen:<\/p>\n\n\n\n<p><span style=\"color:#0066cc\" class=\"tadv-color\">Seniorenfragen<\/span>:  z.B. bieten wir K\u00fcrze zu einmal in der Woche einem Kaffeeklatsch am Nachmittag in der Lesehalle ein. Ziel: alte Kontake auffrischen, neue Menschen kennenlernen, miteinander reden, Anregungen bekommen, ein wenig auch die Corona &#8211; Isolierung \u00fcberwinden und vieles mehr. Gastgeberin wird Cornelia Schell-H\u00e4bich sein. (kennen Sie noch nicht? Kein Problem, kommen Sie und lernen Sie diese Neub\u00fcrgering von Bad Orb kennen.<\/p>\n\n\n\n<p><span style=\"color:#0066cc\" class=\"tadv-color\">Sozialpolitik<\/span>: Hier finden sich interessante Punkte im Wahlprogramm der SPD Bad Orb.<\/p>\n\n\n\n<p><span style=\"color:#0066cc\" class=\"tadv-color\">Kultur <\/span><span style=\"color:#000\" class=\"tadv-color\">z.B<\/span><span style=\"color:#0066cc\" class=\"tadv-color\">.<\/span>: Ein Gedicht von Erich K\u00e4stner: Der Mai, aus dem Gedichtszyklus: Die dreizehn Monate <a href=\"https:\/\/youtu.be\/-1-Z-9RfwDM \">https:\/\/youtu.be\/-1-Z-9RfwDM <\/a> <\/p>\n\n\n\n<p> Oder ein Fr\u00fchlingsspaziergang im Orbtal <a href=\"https:\/\/youtu.be\/8M-yqj1G68c\">https:\/\/youtu.be\/8M-yqj1G68c<\/a><\/p>\n\n\n\n<p><span style=\"color:#0066cc\" class=\"tadv-color\">Umwelt z.B<\/span>. ein Vorschlag der Umwelt zuliebe: den Wochenmarkt gemeinsam mit den Beschickern und der Stadt so zuver\u00e4ndern, dass kein Plastik mehr als Verpackung verwendet werden darf ( Beispiel daf\u00fcr das dies m\u00f6glich ist: der Wochenmarkt in Hanau)<\/p>\n\n\n\n<p>Lasst uns gemeinsam nach vernachl\u00e4ssigten Fl\u00e4chen in Bad Orb schauen und Wege finden dort Wildblumen auszus\u00e4en.<\/p>\n\n\n\n<p>Es sind die vielen kleinen Schritte, die einen Gro\u00dfen Schritt m\u00f6glich machen.<\/p>\n\n\n\n<p>Zukunftsfragen:  Die Soleleitung muss angepackt werden, damit Bad Orb wieder den Staus eines herausragenden Heilbades bekommt. Die \u00dcbernachtungsm\u00f6glichkeiten f\u00fcr eine wirtschaftlich starke Klientel mus ausgebaut werden. Das Freizeit- und Urlaubsangebot f\u00fcr diese Klientel muss gest\u00e4rkt und ausgebaut werden.<\/p>\n\n\n\n<p>Regul\u00e4ren Bahnanschluss nach W\u00e4chtersbach wieder herstellen.<\/p>\n\n\n\n<p>Vorsorge treffen um der jungen Generation bei der noch l\u00e4ngst nicht besiegten Pandemie, mehr M\u00f6glichkeiten der selbstbestimmten Entwicklung zu erm\u00f6glichen.<\/p>\n\n\n\n<h2><strong>Unsere Ideen f\u00fcr ein zukunftssicheres Bad Orb.<\/strong><\/h2>\n<p>An die Parlamentarier\u00a0 aller Parteien und W\u00e4hlergruppen, B\u00fcgermeisterkandidaten und&#8230; Sie k\u00f6nnen hier gerne st\u00f6bern und sich Anregungen f\u00fcr Ihre politische Arbeit holen. Wir laden Sie herzlich ein zu helfen diese Ideen um zu setzen. <strong>Wir werden niemals sagen: &#8222;das habt Ihr bei uns geklaut&#8220;.<\/strong> Wir wollen nur das gute Ideen f\u00fcr Bad\u00a0 Orb und seine Bewohner davon profitieren.<\/p>\n\n\n<p><strong>Busverkehr in Bad Orb: <\/strong>rechtzeitig bevor der Vertrag mit dem jetzigen Betreiber der innerst\u00e4dtische Buslinie ausl\u00e4uft muss der Auftrag neu ausgeschrieben werden. Folgende Bedingungen sollten enthalten sein: Es werden wesentlich kleinere Busse eingesetzt ( zirka 18 Personen-Busse). Es werden Elektrobusse eingesetzt. Die Busse m\u00fcssen einen Kinderwagen oder einen Rollstuhl mitnehmen k\u00f6nnen.<\/p>\n<p>Die Linienf\u00fchrung muss \u00fcberarbeitet werden und die Umsteigem\u00f6glichkeiten m\u00fcssen verbessert werden.<\/p>\n<p>F\u00fcr die Sch\u00fclerbef\u00f6rderung muss gegebenenfalls die notwendie Anzahl gr\u00f6\u00dferer Busse als Reserve zur Verf\u00fcgung stehen.<\/p>\n<p>Dringend notwendig ist auch ein Plan, aus dem die Linienf\u00fchrng der Busse hervorgeht. Mit Anfang und Endpunkte der einzelnen Buslinien, Darstellung aller Haltepunkte und Umsteigem\u00f6glichkeiten.<\/p>\n\n\n<h2 class=\"wp-block-heading\">Vorbeugender Hochwasserschutz<\/h2>\n\n\n\n<p>Die vorhandenen Regen-R\u00fcckhaltebecken m\u00fcssen sofort gereinigt werden und regelm\u00e4\u00dfig auf Ihre Funktionsf\u00e4higkeit gepr\u00fcft und gewartet werden.<\/p>\n\n\n\n<h2>Vorbeugender Katastrophenschutz<\/h2>\n<p>Es ist ein Konzept mit Ma\u00dfnahmen zu entwickeln, wie die Bad Orber Bev\u00f6lkerung gewarnt und unterst\u00fctzt werden kann, wenn z.B. die Stromversorgung unterbrochen ist.<\/p>\n\n\n\n<h2 class=\"wp-block-heading\">Schandfleck Frankfurter Stra\u00dfe<\/h2>\n\n\n\n<p>Mit sehr geringem Aufwand kann und muss derSchandfleck Frankfurter Stra\u00dfe (Hauswand am Abbruchhaus) beseitigt werden. 3 &#8211; 4 Mitarbeiter des Bauhofes k\u00f6nnen innerhalb eines Tages die Tapetenreste entfernen und einfache Ausbesserungen machen.<\/p>\n\n\n\n<figure class=\"wp-block-image size-large\"><img decoding=\"async\" src=\"http:\/\/www.spd-bad-orb.de\/wp-content\/uploads\/2021\/08\/Haus-Schandfleck-Frankfurter-Strasse.jpg\" alt=\"\"\/><\/figure>\n\n\n<p><strong>Fortsetung folgt&#8230;<\/strong><\/p>","protected":false},"excerpt":{"rendered":"<p>In Bad Orb hat sich eine Gruppe der SPD Arbeitsgemeinschaft 60plus gegr\u00fcndet Ihre Schwerpunkte liegen in den Bereichen: Seniorenfragen: z.B. bieten wir K\u00fcrze zu einmal in der Woche einem Kaffeeklatsch am Nachmittag in der Lesehalle ein. Ziel: alte Kontake auffrischen, &hellip; <a href=\"https:\/\/www.spd-bad-orb.de\/?page_id=2284\">Weiterlesen <span class=\"meta-nav\">&rarr;<\/span><\/a><\/p>\n","protected":false},"author":1,"featured_media":2287,"parent":0,"menu_order":0,"comment_status":"closed","ping_status":"closed","template":"","meta":{"footnotes":""},"class_list":["post-2284","page","type-page","status-publish","has-post-thumbnail","hentry"],"_links":{"self":[{"href":"https:\/\/www.spd-bad-orb.de\/index.php?rest_route=\/wp\/v2\/pages\/2284","targetHints":{"allow":["GET"]}}],"collection":[{"href":"https:\/\/www.spd-bad-orb.de\/index.php?rest_route=\/wp\/v2\/pages"}],"about":[{"href":"https:\/\/www.spd-bad-orb.de\/index.php?rest_route=\/wp\/v2\/types\/page"}],"author":[{"embeddable":true,"href":"https:\/\/www.spd-bad-orb.de\/index.php?rest_route=\/wp\/v2\/users\/1"}],"replies":[{"embeddable":true,"href":"https:\/\/www.spd-bad-orb.de\/index.php?rest_route=%2Fwp%2Fv2%2Fcomments&post=2284"}],"version-history":[{"count":26,"href":"https:\/\/www.spd-bad-orb.de\/index.php?rest_route=\/wp\/v2\/pages\/2284\/revisions"}],"predecessor-version":[{"id":2448,"href":"https:\/\/www.spd-bad-orb.de\/index.php?rest_route=\/wp\/v2\/pages\/2284\/revisions\/2448"}],"wp:featuredmedia":[{"embeddable":true,"href":"https:\/\/www.spd-bad-orb.de\/index.php?rest_route=\/wp\/v2\/media\/2287"}],"wp:attachment":[{"href":"https:\/\/www.spd-bad-orb.de\/index.php?rest_route=%2Fwp%2Fv2%2Fmedia&parent=2284"}],"curies":[{"name":"wp","href":"https:\/\/api.w.org\/{rel}","templated":true}]}}