{"id":5,"date":"1952-03-26T00:00:12","date_gmt":"1952-03-26T00:00:12","guid":{"rendered":"http:\/\/www.spd-bad-orb.de\/?page_id=5"},"modified":"2024-12-31T13:18:19","modified_gmt":"2024-12-31T13:18:19","slug":"5-2","status":"publish","type":"page","link":"https:\/\/www.spd-bad-orb.de\/?page_id=5","title":{"rendered":"Kontakt"},"content":{"rendered":"<p><strong>Kontakt:<\/strong><\/p>\n<p>SPD Ortsverein Bad Orb<\/p>\n<p>Dr. Olaf Neuschaefer-Rube<br \/>\nKirchgasse 1<br \/>\n63619 Bad Orb<br \/>\nTel.: (0 60 52) 9285612<br \/>\nmail: Olaf_SPD_BadOrb@gmx.net<\/p>\n<p><strong>Impressum:<\/strong><\/p>\n<p>Alle Texte, alle Fotos, alle Gestaltungselemente dieses Servers sind &#8211; sofern nicht ein anderer Urheberrechtsinhaber bzw. Vertretungsberechtigter angegeben ist &#8211; f\u00fcr den SPD-Ortsverein Bad Orb urheberrechtlich gesch\u00fctzt. Jede Verwertung ohne Zustimmung des SPD-Ortsvereins ist unzul\u00e4ssig. Der SPD-Ortsverein erteilt\u00a0 Zustimmung zur Verwertung der urheberrechtsrelevanten Elemente auf dieser Seite f\u00fcr die Gestaltung der Internetseiten der regionalen Gliederungen der SPD, soweit kein gekennzeichneter Urheberrechtsvermerk zugunsten eines Dritten besteht. Soweit als Urheberrechtsinhaber bzw. Vertretungsberechtigter ein Dritter angegeben ist, m\u00fcssen die Verwertungsrechte vor entsprechender Nutzung von diesem erworben werden.<\/p>\n<p>Wir haben auf unseren Seiten Links zu anderen Seiten im Internet. F\u00fcr alle diese Links gilt, dass wir keinerlei Einfluss auf die Gestaltung und die Inhalte der gelinkten Seiten haben. Deswegen \u00fcbernehmen wir auch keinerlei Verantwortung f\u00fcr Inhalt und Gestaltung dieser Seiten. Diese Erkl\u00e4rung gilt f\u00fcr alle auf unserer Internetpr\u00e4senz angezeigten Links und f\u00fcr alle Inhalte der Seiten, zu denen die bei uns angemeldeten Banner und Links f\u00fchren.<\/p>\n","protected":false},"excerpt":{"rendered":"<p>Kontakt: SPD Ortsverein Bad Orb Dr. Olaf Neuschaefer-Rube Kirchgasse 1 63619 Bad Orb Tel.: (0 60 52) 9285612 mail: Olaf_SPD_BadOrb@gmx.net Impressum: Alle Texte, alle Fotos, alle Gestaltungselemente dieses Servers sind &#8211; sofern nicht ein anderer Urheberrechtsinhaber bzw. Vertretungsberechtigter angegeben ist &hellip; <a href=\"https:\/\/www.spd-bad-orb.de\/?page_id=5\">Weiterlesen <span class=\"meta-nav\">&rarr;<\/span><\/a><\/p>\n","protected":false},"author":1,"featured_media":0,"parent":0,"menu_order":0,"comment_status":"open","ping_status":"closed","template":"","meta":{"footnotes":""},"class_list":["post-5","page","type-page","status-publish","hentry"],"_links":{"self":[{"href":"https:\/\/www.spd-bad-orb.de\/index.php?rest_route=\/wp\/v2\/pages\/5","targetHints":{"allow":["GET"]}}],"collection":[{"href":"https:\/\/www.spd-bad-orb.de\/index.php?rest_route=\/wp\/v2\/pages"}],"about":[{"href":"https:\/\/www.spd-bad-orb.de\/index.php?rest_route=\/wp\/v2\/types\/page"}],"author":[{"embeddable":true,"href":"https:\/\/www.spd-bad-orb.de\/index.php?rest_route=\/wp\/v2\/users\/1"}],"replies":[{"embeddable":true,"href":"https:\/\/www.spd-bad-orb.de\/index.php?rest_route=%2Fwp%2Fv2%2Fcomments&post=5"}],"version-history":[{"count":20,"href":"https:\/\/www.spd-bad-orb.de\/index.php?rest_route=\/wp\/v2\/pages\/5\/revisions"}],"predecessor-version":[{"id":3266,"href":"https:\/\/www.spd-bad-orb.de\/index.php?rest_route=\/wp\/v2\/pages\/5\/revisions\/3266"}],"wp:attachment":[{"href":"https:\/\/www.spd-bad-orb.de\/index.php?rest_route=%2Fwp%2Fv2%2Fmedia&parent=5"}],"curies":[{"name":"wp","href":"https:\/\/api.w.org\/{rel}","templated":true}]}}